 when 201552 is divided by 5168?
0
Calculate the remainder when 135931 is divided by 531.
526
What is the remainder when 16785 is divided by 2791?
39
What is the remainder when 70905 is divided by 5453?
16
Calculate the remainder when 7974 is divided by 489.
150
Calculate the remainder when 106719 is divided by 834.
801
What is the remainder when 66001 is divided by 3473?
14
What is the remainder when 148017 is divided by 125?
17
What is the remainder when 201200 is divided by 171?
104
Calculate the remainder when 22687 is divided by 56.
7
What is the remainder when 320541 is divided by 636?
633
Calculate the remainder when 10616 is divided by 3534.
14
What is the remainder when 1497483 is divided by 2164?
2159
Calculate the remainder when 9552 is divided by 81.
75
Calculate the remainder when 1391494 is divided by 123.
118
Calculate the remainder when 46908 is divided by 11722.
20
Calculate the remainder when 2955 is divided by 153.
48
What is the remainder when 14589 is divided by 23?
7
What is the remainder when 87753 is divided by 43869?
15
What is the remainder when 252827 is divided by 42137?
5
Calculate the remainder when 2773 is divided by 53.
17
What is the remainder when 2616 is divided by 598?
224
Calculate the remainder when 47920 is divided by 62.
56
Calculate the remainder when 3942 is divided by 69.
9
What is the remainder when 176975 is divided by 22121?
7
Calculate the remainder when 3392 is divided by 428.
396
What is the remainder when 84763 is divided by 658?
539
Calculate the remainder when 5722 is divided by 117.
106
What is the remainder when 33424 is divided by 51?
19
What is the remainder when 11047 is divided by 83?
8
What is the remainder when 1607571 is divided by 11?
9
Calculate the remainder when 42076 is divided by 10518.
4
What is the remainder when 178776 is divided by 9930?
36
Calculate the remainder when 494 is divided by 104.
78
Calculate the remainder when 14115 is divided by 369.
93
Calculate the remainder when 5469 is divided by 109.
19
Calculate the remainder when 5950 is divided by 1721.
787
Calculate the remainder when 3385 is divided by 54.
37
Calculate the remainder when 33176 is divided by 474.
470
Calculate the remainder when 360535 is divided by 11.
10
What is the remainder when 6677 is divided by 866?
615
Calculate the remainder when 615 is divided by 60.
15
Calculate the remainder when 34646 is divided by 495.
491
Calculate the remainder when 23182 is divided by 5795.
2
Calculate the remainder when 32872 is divided by 645.
622
What is the remainder when 145301 is divided by 14?
9
Calculate the remainder when 3611 is divided by 61.
12
Calculate the remainder when 1271 is divided by 982.
289
Calculate the remainder when 2230 is divided by 102.
88
What is the remainder when 18298 is divided by 50?
48
Calculate the remainder when 35184 is divided by 11723.
15
Calculate the remainder when 3788 is divided by 1806.
176
Calculate the remainder when 34533 is divided by 1915.
63
Calculate the remainder when 31800 is divided by 33.
21
What is the remainder when 1089 is divided by 609?
480
Calculate the remainder when 6805 is divided by 213.
202
What is the remainder when 8324 is divided by 403?
264
Calculate the remainder when 121 is divided by 1.
0
What is the remainder when 54285 is divided by 377?
374
Calculate the remainder when 2563 is divided by 848.
19
Calculate the remainder when 4989 is divided by 445.
94
Calculate the remainder when 1845 is divided by 910.
25
Calculate the remainder when 1815776 is divided by 605258.
2
Calculate the remainder when 30358 is divided by 345.
343
What is the remainder when 44316 is divided by 44311?
5
What is the remainder when 55715 is divided by 211?
11
Calculate the remainder when 809 is divided by 506.
303
What is the remainder when 34545 is divided by 28?
21
Calculate the remainder when 92765 is divided by 549.
533
What is the remainder when 1971 is divided by 914?
143
What is the remainder when 13024 is divided by 195?
154
Calculate the remainder when 205 is divided by 161.
44
What is the remainder when 18770 is divided by 2681?
3
What is the remainder when 6035 is divided by 112?
99
What is the remainder when 494482 is divided by 21?
16
Calculate the remainder when 50013 is divided by 291.
252
Calculate the remainder when 2160200 is divided by 11.
9
What is the remainder when 286762 is divided by 1550?
12
What is the remainder when 5432 is divided by 200?
32
Calculate the remainder when 6118 is divided by 2013.
79
Calculate the remainder when 1926 is divided by 45.
36
Calculate the remainder when 2908 is divided by 69.
10
What is the remainder when 2794 is divided by 395?
29
What is the remainder when 56681 is divided by 1418?
1379
What is the remainder when 2915 is divided by 565?
90
Calculate the remainder when 4087 is divided by 351.
226
Calculate the remainder when 117888 is divided by 22.
12
Calculate the remainder when 198231 is divided by 893.
878
Calculate the remainder when 12223 is divided by 163.
161
Calculate the remainder when 10306 is divided by 46.
2
Calculate the remainder when 918330 is divided by 459160.
10
Calculate the remainder when 70090 is divided by 42.
34
What is the remainder when 7852 is divided by 248?
164
Calculate the remainder when 22385 is divided by 1334.
1041
Calculate the remainder when 2386 is divided by 539.
230
Calculate the remainder when 2230 is divided by 1114.
2
Calculate the remainder when 792 is divided by 96.
24
Calculate the remainder when 26881 is divided by 441.
421
What is the remainder when 3113 is divided by 449?
419
What is the remainder when 2663 is divided by 634?
127
What is the remainder when 105950 is divided by 112?
110
What is the remainder when 1948 is divided by 467?
80
Calculate the remainder when 56170 is divided by 6.
4
Calculate the remainder when 65425 is divided by 140.
45
What is the remainder when 9832 is divided by 4838?
156
What is the remainder when 6357 is divided by 900?
57
What is the remainder when 18256 is divided by 42?
28
Calculate the remainder when 85403 is divided by 21.
17
Calculate the remainder when 54671 is divided by 27287.
97
Calculate the remainder when 10982 is divided by 5451.
80
What is the remainder when 82231 is divided by 741?
721
Calculate the remainder when 169669 is divided by 169647.
22
Calculate the remainder when 732288 is divided by 65.
63
Calculate the remainder when 7135 is divided by 17.
12
What is the remainder when 24551 is divided by 117?
98
What is the remainder when 3059 is divided by 2889?
170
What is the remainder when 13905 is divided by 67?
36
Calculate the remainder when 4075 is divided by 157.
150
What is the remainder when 439686 is divided by 439679?
7
Calculate the remainder when 30747 is divided by 16.
11
What is the remainder when 9682 is divided by 645?
7
Calculate the remainder when 7398 is divided by 2452.
42
What is the remainder when 63838 is divided by 38?
36
Calculate the remainder when 2954 is divided by 1145.
664
Calculate the remainder when 781 is divided by 125.
31
Calculate the remainder when 59751 is divided by 1106.
27
Calculate the remainder when 38235 is divided by 638.
593
What is the remainder when 9141 is divided by 2547?
1500
Calculate the remainder when 9515 is divided by 307.
305
What is the remainder when 10865 is divided by 231?
8
What is the remainder when 27122 is divided by 77?
18
Calculate the remainder when 10020 is divided by 238.
24
What is the remainder when 3081 is divided by 3055?
26
What is the remainder when 190768 is divided by 15?
13
Calculate the remainder when 965862 is divided by 314.
312
Calculate the remainder when 14331 is divided by 67.
60
Calculate the remainder when 27663 is divided by 2204.
1215
Calculate the remainder when 5758 is divided by 120.
118
Calculate the remainder when 438656 is divided by 456.
440
Calculate the remainder when 4533 is divided by 567.
564
What is the remainder when 112455 is divided by 245?
0
Calculate the remainder when 91813 is divided by 812.
57
What is the remainder when 4354 is divided by 3627?
727
Calculate the remainder when 1790392 is divided by 913.
912
What is the remainder when 361130 is divided by 113?
95
Calculate the remainder when 4505 is divided b